[INFO] cloning repository https://github.com/HoLLy-HaCKeR/ce-server
[INFO] running `Command { std: "git" "-c" "credential.helper=" "-c" "credential.helper=/workspace/cargo-home/bin/git-credential-null" "clone" "--bare" "https://github.com/HoLLy-HaCKeR/ce-server" "/workspace/cache/git-repos/https%3A%2F%2Fgithub.com%2FHoLLy-HaCKeR%2Fce-server", kill_on_drop: false }`
[INFO] [stderr] Cloning into bare repository '/workspace/cache/git-repos/https%3A%2F%2Fgithub.com%2FHoLLy-HaCKeR%2Fce-server'...
[INFO] running `Command { std: "git" "rev-parse" "HEAD", kill_on_drop: false }`
[INFO] [stdout] 03d78901e5720b9b78b02f13d626d79bc691c9ac
[INFO] checking HoLLy-HaCKeR/ce-server against master#9610dfe5a9a731ced1ea4923ecbd0c57fe367898 for beta-170-4
[INFO] running `Command { std: "git" "clone" "/workspace/cache/git-repos/https%3A%2F%2Fgithub.com%2FHoLLy-HaCKeR%2Fce-server" "/workspace/builds/worker-2-tc1/source", kill_on_drop: false }`
[INFO] [stderr] Cloning into '/workspace/builds/worker-2-tc1/source'...
[INFO] [stderr] done.
[INFO] validating manifest of git repo https://github.com/HoLLy-HaCKeR/ce-server on toolchain 9610dfe5a9a731ced1ea4923ecbd0c57fe367898
[INFO] running `Command { std: CARGO_HOME="/workspace/cargo-home" RUSTUP_HOME="/workspace/rustup-home" "/workspace/cargo-home/bin/cargo" "+9610dfe5a9a731ced1ea4923ecbd0c57fe367898" "metadata" "--manifest-path" "Cargo.toml" "--no-deps", kill_on_drop: false }`
[INFO] started tweaking git repo https://github.com/HoLLy-HaCKeR/ce-server
[INFO] finished tweaking git repo https://github.com/HoLLy-HaCKeR/ce-server
[INFO] tweaked toml for git repo https://github.com/HoLLy-HaCKeR/ce-server written to /workspace/builds/worker-2-tc1/source/Cargo.toml
[INFO] crate git repo https://github.com/HoLLy-HaCKeR/ce-server already has a lockfile, it will not be regenerated
[INFO] running `Command { std: CARGO_HOME="/workspace/cargo-home" RUSTUP_HOME="/workspace/rustup-home" "/workspace/cargo-home/bin/cargo" "+9610dfe5a9a731ced1ea4923ecbd0c57fe367898" "fetch" "--manifest-path" "Cargo.toml", kill_on_drop: false }`
[INFO] [stderr]  Downloading crates ...
[INFO] [stderr]   Downloaded mio v0.7.5
[INFO] [stderr]   Downloaded bytes v0.6.0
[INFO] [stderr]   Downloaded tokio v0.3.3
[INFO] running `Command { std: "docker" "create" "-v" "/var/lib/crater-agent-workspace/builds/worker-2-tc1/target:/opt/rustwide/target:rw,Z" "-v" "/var/lib/crater-agent-workspace/builds/worker-2-tc1/source:/opt/rustwide/workdir:ro,Z" "-v" "/var/lib/crater-agent-workspace/cargo-home:/opt/rustwide/cargo-home:ro,Z" "-v" "/var/lib/crater-agent-workspace/rustup-home:/opt/rustwide/rustup-home:ro,Z" "-e" "SOURCE_DIR=/opt/rustwide/workdir" "-e" "CARGO_TARGET_DIR=/opt/rustwide/target" "-e" "CARGO_HOME=/opt/rustwide/cargo-home" "-e" "RUSTUP_HOME=/opt/rustwide/rustup-home" "-w" "/opt/rustwide/workdir" "-m" "1610612736" "--user" "0:0" "--network" "none" "ghcr.io/rust-lang/crates-build-env/linux@sha256:19e73879b68f455e41552ea35293514db52ea292d993f571636dbffedb77a1ee" "/opt/rustwide/cargo-home/bin/cargo" "+9610dfe5a9a731ced1ea4923ecbd0c57fe367898" "metadata" "--no-deps" "--format-version=1", kill_on_drop: false }`
[INFO] [stdout] 5b3a5841f699cc5b8f6f5c91f3ce93f5967f5aedd9dc284849d939e138600a2a
[INFO] running `Command { std: "docker" "start" "-a" "5b3a5841f699cc5b8f6f5c91f3ce93f5967f5aedd9dc284849d939e138600a2a", kill_on_drop: false }`
[INFO] running `Command { std: "docker" "inspect" "5b3a5841f699cc5b8f6f5c91f3ce93f5967f5aedd9dc284849d939e138600a2a", kill_on_drop: false }`
[INFO] running `Command { std: "docker" "rm" "-f" "5b3a5841f699cc5b8f6f5c91f3ce93f5967f5aedd9dc284849d939e138600a2a", kill_on_drop: false }`
[INFO] [stdout] 5b3a5841f699cc5b8f6f5c91f3ce93f5967f5aedd9dc284849d939e138600a2a
[INFO] running `Command { std: "docker" "create" "-v" "/var/lib/crater-agent-workspace/builds/worker-2-tc1/target:/opt/rustwide/target:rw,Z" "-v" "/var/lib/crater-agent-workspace/builds/worker-2-tc1/source:/opt/rustwide/workdir:ro,Z" "-v" "/var/lib/crater-agent-workspace/cargo-home:/opt/rustwide/cargo-home:ro,Z" "-v" "/var/lib/crater-agent-workspace/rustup-home:/opt/rustwide/rustup-home:ro,Z" "-e" "SOURCE_DIR=/opt/rustwide/workdir" "-e" "CARGO_TARGET_DIR=/opt/rustwide/target" "-e" "CARGO_INCREMENTAL=0" "-e" "RUST_BACKTRACE=full" "-e" "RUSTFLAGS=--cap-lints=forbid" "-e" "RUSTDOCFLAGS=--cap-lints=forbid" "-e" "CARGO_HOME=/opt/rustwide/cargo-home" "-e" "RUSTUP_HOME=/opt/rustwide/rustup-home" "-w" "/opt/rustwide/workdir" "-m" "1610612736" "--user" "0:0" "--network" "none" "ghcr.io/rust-lang/crates-build-env/linux@sha256:19e73879b68f455e41552ea35293514db52ea292d993f571636dbffedb77a1ee" "/opt/rustwide/cargo-home/bin/cargo" "+9610dfe5a9a731ced1ea4923ecbd0c57fe367898" "check" "--frozen" "--all" "--all-targets" "--message-format=json", kill_on_drop: false }`
[INFO] [stdout] fe59dfaefe90ae24c1c0d0354ea2e597e593337b4642ac628b0cf0ed383e28d6
[INFO] running `Command { std: "docker" "start" "-a" "fe59dfaefe90ae24c1c0d0354ea2e597e593337b4642ac628b0cf0ed383e28d6", kill_on_drop: false }`
[INFO] [stderr]    Compiling num-traits v0.2.14
[INFO] [stderr]    Compiling num-integer v0.1.44
[INFO] [stderr]    Compiling miniz_oxide v0.4.3
[INFO] [stderr]    Compiling tokio v0.3.3
[INFO] [stderr]    Compiling winapi v0.3.9
[INFO] [stderr]     Checking bytes v0.6.0
[INFO] [stderr]     Checking dirs-sys v0.3.5
[INFO] [stderr]     Checking time v0.1.44
[INFO] [stderr]     Checking mio v0.7.5
[INFO] [stderr]     Checking num_cpus v1.13.0
[INFO] [stderr]     Checking dirs v2.0.2
[INFO] [stderr]     Checking term v0.6.1
[INFO] [stderr]     Checking chrono v0.4.19
[INFO] [stderr]     Checking simplelog v0.7.6
[INFO] [stderr]     Checking ce-server v0.1.0 (/opt/rustwide/workdir)
[INFO] [stdout] error[E0433]: failed to resolve: could not find `shared` in `winapi`
[INFO] [stdout]  --> src/server/handlers/windows.rs:4:5
[INFO] [stdout]   |
[INFO] [stdout] 4 |     shared::minwindef::{FALSE, LPCVOID, LPVOID},
[INFO] [stdout]   |     ^^^^^^ could not find `shared` in `winapi`
[INFO] [stdout] 
[INFO] [stdout] 
[INFO] [stdout] error[E0433]: failed to resolve: could not find `um` in `winapi`
[INFO] [stdout]  --> src/server/handlers/windows.rs:5:5
[INFO] [stdout]   |
[INFO] [stdout] 5 |     um::{
[INFO] [stdout]   |     ^^ could not find `um` in `winapi`
[INFO] [stdout] 
[INFO] [stdout] 
[INFO] [stdout] error[E0433]: failed to resolve: could not find `shared` in `winapi`
[INFO] [stdout]  --> src/server/handlers/windows.rs:4:5
[INFO] [stdout]   |
[INFO] [stdout] 4 |     shared::minwindef::{FALSE, LPCVOID, LPVOID},
[INFO] [stdout]   |     ^^^^^^ could not find `shared` in `winapi`
[INFO] [stdout] 
[INFO] [stdout] 
[INFO] [stdout] error[E0433]: failed to resolve: could not find `um` in `winapi`
[INFO] [stdout]  --> src/server/handlers/windows.rs:5:5
[INFO] [stdout]   |
[INFO] [stdout] 5 |     um::{
[INFO] [stdout]   |     ^^ could not find `um` in `winapi`
[INFO] [stdout] 
[INFO] [stdout] 
[INFO] [stdout] error[E0432]: unresolved import `handlers::WindowsHandler`
[INFO] [stdout]  --> src/server/mod.rs:9:9
[INFO] [stdout]   |
[INFO] [stdout] 9 | pub use handlers::WindowsHandler;
[INFO] [stdout]   |         ^^^^^^^^^^^^^^^^^^^^^^^^ no `WindowsHandler` in `server::handlers`
[INFO] [stdout] 
[INFO] [stdout] 
[INFO] [stdout] error[E0432]: unresolved import `handlers::WindowsHandler`
[INFO] [stdout]  --> src/server/mod.rs:9:9
[INFO] [stdout]   |
[INFO] [stdout] 9 | pub use handlers::WindowsHandler;
[INFO] [stdout]   |         ^^^^^^^^^^^^^^^^^^^^^^^^ no `WindowsHandler` in `server::handlers`
[INFO] [stdout] 
[INFO] [stdout] 
[INFO] [stdout] error[E0618]: expected function, found `F`
[INFO] [stdout]   --> src/server/handlers/windows.rs:58:20
[INFO] [stdout]    |
[INFO] [stdout] 53 | unsafe fn get_process_response<F>(handle: usize, func: F) -> Process32Response
[INFO] [stdout]    |                                                  ---- `func` has type `F`
[INFO] [stdout] ...
[INFO] [stdout] 58 |     let response = func(handle as HANDLE, &mut entry);
[INFO] [stdout]    |                    ^^^^------------------------------
[INFO] [stdout]    |                    |
[INFO] [stdout]    |                    call expression requires function
[INFO] [stdout] 
[INFO] [stdout] 
[INFO] [stdout] error[E0618]: expected function, found `F`
[INFO] [stdout]   --> src/server/handlers/windows.rs:90:20
[INFO] [stdout]    |
[INFO] [stdout] 84 | unsafe fn get_module_response<F>(handle: usize, func: F) -> Module32Response
[INFO] [stdout]    |                                                 ---- `func` has type `F`
[INFO] [stdout] ...
[INFO] [stdout] 90 |     let response = func(handle as HANDLE, &mut entry);
[INFO] [stdout]    |                    ^^^^------------------------------
[INFO] [stdout]    |                    |
[INFO] [stdout]    |                    call expression requires function
[INFO] [stdout] 
[INFO] [stdout] 
[INFO] [stdout] error[E0618]: expected function, found `F`
[INFO] [stdout]   --> src/server/handlers/windows.rs:58:20
[INFO] [stdout]    |
[INFO] [stdout] 53 | unsafe fn get_process_response<F>(handle: usize, func: F) -> Process32Response
[INFO] [stdout]    |                                                  ---- `func` has type `F`
[INFO] [stdout] ...
[INFO] [stdout] 58 |     let response = func(handle as HANDLE, &mut entry);
[INFO] [stdout]    |                    ^^^^------------------------------
[INFO] [stdout]    |                    |
[INFO] [stdout]    |                    call expression requires function
[INFO] [stdout] 
[INFO] [stdout] 
[INFO] [stdout] error[E0618]: expected function, found `F`
[INFO] [stdout]   --> src/server/handlers/windows.rs:90:20
[INFO] [stdout]    |
[INFO] [stdout] 84 | unsafe fn get_module_response<F>(handle: usize, func: F) -> Module32Response
[INFO] [stdout]    |                                                 ---- `func` has type `F`
[INFO] [stdout] ...
[INFO] [stdout] 90 |     let response = func(handle as HANDLE, &mut entry);
[INFO] [stdout]    |                    ^^^^------------------------------
[INFO] [stdout]    |                    |
[INFO] [stdout]    |                    call expression requires function
[INFO] [stdout] 
[INFO] [stdout] 
[INFO] [stdout] error: aborting due to 5 previous errors
[INFO] [stdout] 
[INFO] [stdout] 
[INFO] [stdout] Some errors have detailed explanations: E0432, E0433, E0618.
[INFO] [stdout] 
[INFO] [stdout] For more information about an error, try `rustc --explain E0432`.
[INFO] [stdout] 
[INFO] [stdout] error: aborting due to 5 previous errors
[INFO] [stdout] 
[INFO] [stdout] 
[INFO] [stdout] Some errors have detailed explanations: E0432, E0433, E0618.
[INFO] [stdout] 
[INFO] [stderr] error: could not compile `ce-server` (bin "ce-server") due to 6 previous errors
[INFO] [stdout] For more information about an error, try `rustc --explain E0432`.
[INFO] [stdout] 
[INFO] [stderr] warning: build failed, waiting for other jobs to finish...
[INFO] [stderr] error: could not compile `ce-server` (bin "ce-server" test) due to 6 previous errors
[INFO] running `Command { std: "docker" "inspect" "fe59dfaefe90ae24c1c0d0354ea2e597e593337b4642ac628b0cf0ed383e28d6", kill_on_drop: false }`
[INFO] running `Command { std: "docker" "rm" "-f" "fe59dfaefe90ae24c1c0d0354ea2e597e593337b4642ac628b0cf0ed383e28d6", kill_on_drop: false }`
[INFO] [stdout] fe59dfaefe90ae24c1c0d0354ea2e597e593337b4642ac628b0cf0ed383e28d6
